{"id":15,"date":"2023-11-25T14:06:15","date_gmt":"2023-11-25T14:06:15","guid":{"rendered":"http:\/\/www.blackbase.pl\/?page_id=15"},"modified":"2025-03-11T19:04:58","modified_gmt":"2025-03-11T19:04:58","slug":"kontakt","status":"publish","type":"page","link":"https:\/\/www.blackbase.pl\/index.php\/kontakt\/","title":{"rendered":"Kontakt"},"content":{"rendered":"\t\t<div data-elementor-type=\"wp-page\" data-elementor-id=\"15\" class=\"elementor elementor-15\">\n\t\t\t\t<div class=\"elementor-element elementor-element-7a4f8e0f e-flex e-con-boxed e-con e-parent\" data-id=\"7a4f8e0f\" data-element_type=\"container\" data-e-type=\"container\">\n\t\t\t\t\t<div class=\"e-con-inner\">\n\t\t\t\t<div class=\"elementor-element elementor-element-63b56650 elementor-widget elementor-widget-text-editor\" data-id=\"63b56650\" data-element_type=\"widget\" data-e-type=\"widget\" data-widget_type=\"text-editor.default\">\n\t\t\t\t\t\t\t\t\t\n<p>Biuro BlackBase sp. z o.o.<\/p>\n\n<p>\u0141\u00f3d\u017a 94-279 ul. Do\u017cynkowa 2\/4<\/p>\n\n<p>Jan Kaszuba &#8211; CEO<\/p>\n\n<p>e-mail: <a href=\"mailto:biuro@blackbase.pl\">biuro@blackbase.pl<\/a><\/p>\n\n<p>mobile: <a href=\"tel:+48 516 19 16 18\">+48 516 19 16 18<\/a><\/p>\n\t\t\t\t\t\t\t\t<\/div>\n\t\t\t\t\t<\/div>\n\t\t\t\t<\/div>\n\t\t\t\t<\/div>\n\t\t","protected":false},"excerpt":{"rendered":"<p>Biuro BlackBase sp. z o.o. \u0141\u00f3d\u017a 94-279 ul. Do\u017cynkowa 2\/4 Jan Kaszuba &#8211; CEO e-mail: biuro@blackbase.pl mobile: +48 516 19 16 18<\/p>\n","protected":false},"author":1,"featured_media":54,"parent":0,"menu_order":0,"comment_status":"closed","ping_status":"closed","template":"","meta":{"footnotes":""},"class_list":["post-15","page","type-page","status-publish","has-post-thumbnail","hentry"],"_links":{"self":[{"href":"https:\/\/www.blackbase.pl\/index.php\/wp-json\/wp\/v2\/pages\/15","targetHints":{"allow":["GET"]}}],"collection":[{"href":"https:\/\/www.blackbase.pl\/index.php\/wp-json\/wp\/v2\/pages"}],"about":[{"href":"https:\/\/www.blackbase.pl\/index.php\/wp-json\/wp\/v2\/types\/page"}],"author":[{"embeddable":true,"href":"https:\/\/www.blackbase.pl\/index.php\/wp-json\/wp\/v2\/users\/1"}],"replies":[{"embeddable":true,"href":"https:\/\/www.blackbase.pl\/index.php\/wp-json\/wp\/v2\/comments?post=15"}],"version-history":[{"count":17,"href":"https:\/\/www.blackbase.pl\/index.php\/wp-json\/wp\/v2\/pages\/15\/revisions"}],"predecessor-version":[{"id":112,"href":"https:\/\/www.blackbase.pl\/index.php\/wp-json\/wp\/v2\/pages\/15\/revisions\/112"}],"wp:featuredmedia":[{"embeddable":true,"href":"https:\/\/www.blackbase.pl\/index.php\/wp-json\/wp\/v2\/media\/54"}],"wp:attachment":[{"href":"https:\/\/www.blackbase.pl\/index.php\/wp-json\/wp\/v2\/media?parent=15"}],"curies":[{"name":"wp","href":"https:\/\/api.w.org\/{rel}","templated":true}]}}